n) - 6*w(n). Calculate b(c).
13
Let f(p) = p**2 - 2*p - 5. Let j = -111 - -117. Suppose -3*v - g - 7 = 0, j*v + 45 = v + 5*g. Give f(v).
19
Let f(m) = m + 4. Let q be f(-5). Let k(y) be the third derivative of -y**6/12 + y**5/60 + y**4/24 + 6*y**2 - 11*y. Calculate k(q).
10
Suppose 4*s + 4 = 5*s. Suppose -30 = 5*v - 35. Let b(l) = -2 - 2 + 2*l + 1 + v. Calculate b(s).
6
Let c be (76/(-5))/(6/(-15)). Let l(r) = c*r + 36*r - 73*r + 5 + r**3. Calculate l(0).
5
Let k = 14 - 10. Let b(c) = c**2 + 30*c + 0 - 60*c - 1 + 29*c. What is b(k)?
11
Let w(i) = -11 + 12*i + 8*i - 23*i. Calculate w(-3).
-2
Let q(x) = 8 - 3 - 4*x + 5*x. Let z be (18/4)/(12/16). Suppose -2*i + z = -4*w, 3*i = -i + 12. What is q(w)?
5
Let t = 0 - -1. Let y(p) = -11*p - 9. Let m(r) = r + 1. Let l(x) = 18*m(x) + 2*y(x). Determine l(t).
-4
Let n(j) = -7*j + j**2 + 0 + 3*j**2 - j + 7 - 5*j**2. Calculate n(-8).
7
Suppose 2 + 0 = 2*v. Let d(f) = -6*f - 4*f - 2*f + 2*f + 17*f. Give d(v).
7
Let x(z) be the third derivative of -17*z**2 + 1/60*z**5 + 1/2*z**3 + 1/6*z**4 + 0*z + 0. Let r(o) = o. Let c be r(-4). What is x(c)?
3
Let r(h) = h**2 - 9*h - 1. Let i(p) = -7*p - 1. Let v(y) = -3*i(y) + 2*r(y). Suppose -5*z + 0 = 10. Calculate v(z).
3
Let t = -41 - -43. Let z be (4 + (-2 - 0))/t. Let q(n) = -27*n**2 + n. Determine q(z).
-26
Suppose 4*g = -g - 35. Let t(j) = -j**3 - 6*j**2 + 7*j + 6. Calculate t(g).
6
Let v = -67 - -72. Let t(p) = -p**3 + 7*p**2 - 3*p + 7. Give t(v).
42
Let i(f) = 21*f**2 + 19*f + 4. Let x(h) = 4*h**2 + 4*h + 1. Let a(k) = -i(k) + 5*x(k). Let q = -1 + 1. Determine a(q).
1
Let i(c) = -c**2 - 7*c - 3. Suppose -16 = -o - 0. Suppose 3*w - 12 = -n, 4*w - 6*n = -3*n + o. Suppose w + 21 = -5*r. Give i(r).
7
Let q(h) = h**3 - 6*h**2 + 6. Let i = 148 + -146. Let b be (84/70)/(i/10). Calculate q(b).
6
Let l(j) = j**3 + 14*j**2 + 25*j + 11. Let v = 217 + -229. Calculate l(v).
-1
Suppose 3*q + 11 = 2*y, 4*q - 2*y + 5*y = -43. Let o(a) be the second derivative of -a**3/6 - 4*a**2 - 13*a. Give o(q).
-1
Let o(l) be the first derivative of -9*l + 3/2*l**2 + 1/3*l**3 - 2. Give o(-7).
19
Let a(j) = 15*j**3 - 19*j**2 - 2*j - 15. Let n(f) = -7*f**3 + 9*f**2 + f + 7. Let v(t) = -6*a(t) - 13*n(t). Suppose -5*g + 66 = -14. Let d = -13 + g. Give v(d).
-4
Let n(z) = z - 28. Suppose 0*g - 11*g = -5*g. What is n(g)?
-28
Let c be (24/4)/((-4)/2). Let k(s) = 9*s + 10. Let d(j) = 10*j + 11. Let o(u) = -6*d(u) + 7*k(u). Calculate o(c).
-5
Let x(t) = -3*t**3 - 9*t**2 - 22*t - 35. Let y(c) = 5*c**3 + 12*c**2 + 33*c + 52. Let n(w) = -8*x(w) - 5*y(w). What is n(13)?
-6
Let r = 989 - 976. Let f(s) = -s + 11. Calculate f(r).
-2
Let z(o) = -3*o**2 + o + 1. Suppose -289 = -10*k - 269. Calculate z(k).
-9
Let p = -77 - -81. Let k(i) = -i**2 - 3*i - 1. Determine k(p).
-29
Let z = -5993/420 + 100/7. Let j(x) be the third derivative of 2*x**2 + 0 + z*x**5 - 1/6*x**3 + 1/3*x**4 + 0*x. Determine j(-8).
-1
Let q(u) = -u**2 - 6*u + 16. Let g be ((-1)/2)/((-22)/308)*-1. What is q(g)?
9
Let m(t) = -t**3 - 9*t**2 - 10*t - 5. Suppose 77*f + 40 = 72*f. Calculate m(f).
11
Let n(m) = -10*m + 4 - 14*m**2 + 11*m**2 - 13*m + 11 - 27. Calculate n(-7).
2
Let s(p) = -p**2 - 4*p - 3. Let b = 341 + -348. What is s(b)?
-24
Let q be (-7 - -10)*1/3. Let s(w) = -q + 1 + 1 - 2 - 4*w. Calculate s(2).
-9
Let u(k) = k**3 - 23*k**2 + 24*k - 37. Suppose -4*o + 118 = 5*g, 16 = -0*g + g - 3*o. What is u(g)?
7
Let y(d) = d**3 + 8*d**2 - d - 11. Suppose 3*a + 45 = 6*a. Let m = a + 8. Suppose 2*v = 7 - m. What is y(v)?
-3
Let v(a) = a**3 - 4*a**2 - 2*a + 5. Let s be (453/36 - (-2)/(-8))*-6. Let l = 78 + s. Give v(l).
-3
Let a(l) = -5*l**2 + 51*l + 41. Let t(b) = -2*b**2 + 17*b + 15. Let n(v) = 3*a(v) - 8*t(v). Calculate n(-16).
-13
Let b(t) be the third derivative of 0 - 3/8*t**4 + 1/3*t**3 + 1/60*t**5 + 0*t + 18*t**2. Calculate b(8).
-6
Suppose 29*s + 162 = -99. Let n(q) = -q**3 - 8*q**2 + 10*q + 11. Give n(s).
2
Let t(c) = c**3 - 4*c**2 - 2*c. Suppose 4 = 18*z - 68. Give t(z).
-8
Let c = -680 - -677. Let t(g) = g**3 + g**2 + 5*g + 7. Calculate t(c).
-26
Let i(t) be the first derivative of -t**4/12 - 5*t**3/6 + 8*t**2 + 3. Let v(h) be the second derivative of i(h). Give v(-4).
3
Let o(p) = -p**2 + p + 2. Let w be -3 + (-12)/3 + 8. Suppose 0 = -4*l + 21 - w. Give o(l).
-18
Let a be (-4)/(-7) - (-675)/105. Let f(q) = 3 + 5 - 8*q + a*q. What is f(4)?
4
Suppose -v - 4*m - 18 = 4, -m = 2. Let n be 25 + v - (-1 - -6). Let x(k) = -k**2 + 6*k - 5. Determine x(n).
-5
Let f(c) be the third derivative of -c**8/20160 - c**7/1008 + c**6/120 - 7*c**5/30 - 14*c**2. Let i(s) be the third derivative of f(s). Determine i(-7).
-8
Let n = -12 + 14. Suppose -24 = 2*v - 0*k + 5*k, 2*v + n*k + 12 = 0. Let r be (2 + -3 + v)/(-1). Let d(h) = h**3 - 3*h**2 - 1. Calculate d(r).
-1
Suppose -297 - 93 = -26*x. Let h(s) = s**3 - 14*s**2 - 15*s - 10. Calculate h(x).
-10
Let k(y) = -11*y + 2*y - 11*y**2 + y**3 + 14 - 2*y**3. What is k(-10)?
4
Let y(t) be the third derivative of 33*t**2 + 0*t + 1/12*t**4 + 1/6*t**3 + 0. Suppose 7 = -5*w - 13. Determine y(w).
-7
Let t(k) = -4*k. Let g be (-7)/(-2) + -4 + 27/6. Let c(w) = w**3 - 3*w**2 - 19. Let b be c(g). Calculate t(b).
12
Let l(s) be the second derivative of -s**5/20 - 17*s**2/2 - 587*s. What is l(0)?
-17
Let r(z) = 8*z**2 + z. Suppose 4*u = -3*p + 2, 6*p - 8 = 9*p - u. Determine r(p).
30
Suppose 8 = 3*r + 2. Let w(j) = 3*j**r - 1 + 0 - 5*j**2 - 1 + 2*j. Let l be -1 + -2 + 6 + -1. Determine w(l).
-6
Let g(k) = -6*k**2 + 9*k - 6. Let o(x) = -11*x**2 + 17*x - 13. Let s(n) = 9*g(n) - 5*o(n). What is s(6)?
23
Suppose i - 14 = -2*d - 2, -2*d = 5*i - 12. Let b(g) = 20*g - 1. Let s(h) = 7*h. Let x(v) = -6*b(v) + 17*s(v). What is x(d)?
0
Suppose 2*x = -3*k + 1, 0 = -5*x + 5*k + 11 + 4. Let n(f) be the third derivative of 1/60*f**6 + 0*f**3 - 15*f**2 + 1/12*f**4 + 0*f + 0 - 1/20*f**5. Give n(x).
8
Suppose -q + 2*a = -14, -26 + 2 = -2*q + 3*a. Let h be q/7 + (-19)/(-133). Let z(x) = 4*x**2 + 1. Give z(h).
5
Let v(u) = 3*u**2 - 2 - 8*u - 2*u**2 + u**3 + 5*u**2. Give v(-7).
5
Let z(f) = -f**2 + 5*f - 3. Suppose -2*m = 4*v - 22, 4*v - 4*m - 6 - 34 = 0. What is z(v)?
-17
Suppose y - 6*y + 15 = 5*s, 29 = 3*s - 2*y. Suppose s*a - 9*a = 16. Let h(x) = -x + 2. Calculate h(a).
10
Let z(b) = 10*b - 1454*b**3 + 9*b**2 + 2906*b**3 - 1451*b**3 - 2. Determine z(-7).
26
Let r(m) be the second derivative of 12*m + 1/20*m**5 + 2/3*m**3 + 0 + 0*m**2 + 7/12*m**4. Give r(-6).
12
Let q(s) be the first derivative of s**4/2 + s**3/3 - 2*s**2 - 3*s + 1. Let h(o) = 29*o**2 + 165*o - 56. Let n be h(-6). Give q(n).
-7
Let l(c) = -3 + 4*c - 9 - 3*c. Let z be ((-50)/(-6))/(95/114). Determine l(z).
-2
Let p(s) be the third derivative of -1/120*s**6 - 1/12*s**5 + 0*s - 1/24*s**4 + 0 - 1/2*s**3 - 6*s**2. Calculate p(-5).
2
Suppose 20 = 3*f - 13. Suppose -2*o + 1 + f = 0. Let s(j) = -j + 2 - 2 + o + 3*j. Calculate s(-5).
-4
Let a(o) = -o**3 + 20*o**2 - 18*o - 24. Let v be a(19). Let m(j) be the first derivative of j**2 - 5*j - 3. Calculate m(v).
-15
Let o = -62 - -69. Let l(x) = 1 - 6 + 4 + 7*x**2 + 6 - x**3. Determine l(o).
5
Let j(h) = -2*h + 10. Let c be (15 + 0)*(-18)/5. Let o = 61 + c. Give j(o).
-4
Let g(w) = -w + 1. Let h = -34 + -63. Let m = 99 + h. Calculate g(m).
-1
Let f(s) = 7*s**3 + s**2 + 5*s + 3. Let i(h) = -8*h**3 - h**2 - 7*h - 4. Let l be (6/9)/((-6)/(-27)). Let v(b) = l*i(b) + 4*f(b). Determine v(1).
4
Let a(d) = -6*d**3 + d**2 - 2*d - 1. Let j be a(1). Let n(q) = q + 2. What is n(j)?
-6
Let c(u) = -u**3 - 10*u**2 - 7. Let y(j) = 6*j**3 + 49*j**2 + 34. Let i(l) = 11*c(l) + 2*y(l). Calculate i(12).
-9
Let u(m) = m**3 - 7*m**2 + 10*m. Suppose 5*l = 4*s - 20, 0 = 5*s + l + 11 - 36. What is u(s)?
0
Let o(x) = -x + 11. Let l be o(8). Suppose -3*k + 7*k = l*j - 129, 129 = 3*j + 5*k. Let f(q) = 79*q - 43*q - j*q. Calculate f(-1).
7
Let x(q) = -27*q - 27*q - 24*q + 2 + 77*q. Give x(5).
-3
Let n(s) = 258 - 131 - 128 + s - s**2. Let b be -1*(-1 + 6) - -2. Determine n(b).
-13
Let d = -5 + 6. Let s be (d + 3)/4 + 4. Let n(v) = 2*v**2 - v - 3 - 2*v**3 - s*v**2 + 3*v**3. Calculate n(4).
9
Let m be 3/9*-1*(2 - 2). Suppose -5*n - 6 = -8*n. Let l(p) = -2 - p**n + 7 - 1. Give l(m).
4
Let g(n) = n - 3 + 14 + 2 - 6. What is g(0)?
7
Let o(j) = -10*j - 3. Let g(q)